{"id":23,"date":"2014-02-28T23:34:06","date_gmt":"2014-02-28T22:34:06","guid":{"rendered":"http:\/\/www.unsere-kurve.de\/blog\/?page_id=23"},"modified":"2025-01-06T11:33:32","modified_gmt":"2025-01-06T10:33:32","slug":"impressum","status":"publish","type":"page","link":"https:\/\/www.unserekurve.de\/blog\/impressum\/","title":{"rendered":"Impressum"},"content":{"rendered":"<h2>Diensteanbieter<\/h2>\n<p>Unsere Kurve e. V.<br \/>\nAlfred-Pfaff-Stra\u00dfe 1<br \/>\n60386 Frankfurt am Main<br \/>\nDeutschland<\/p>\n<h2>Kontaktm\u00f6glichkeiten<\/h2>\n<p>E-Mail-Adresse: info[at]unserekurve.de<\/p>\n<h2>Vertretungsberechtigte und verantwortlich f\u00fcr den Inhalt<\/h2>\n<p><strong>Vorstand des Unsere Kurve e. V.<\/strong><\/p>\n<p>Jost Peter (Vorsitzender des Vorstands)<br \/>\nKristina Schr\u00f6der (2. Vorsitzende des Vorstands)<br \/>\nJens Dahlhaus (Kassenwart)<br \/>\nArmin Popp (Beisitzer)<\/p>\n<h2>Registereintrag<\/h2>\n<p>Registergericht: Amtsgericht Frankfurt am Main<br \/>\nRegisternummer: VR 16667<\/p>\n<h2>Social Media und andere Onlinepr\u00e4senzen<\/h2>\n<p>Dieses Impressum gilt auch f\u00fcr die folgenden Social-Media-Pr\u00e4senzen und Onlineprofile:<\/p>\n<p><a href=\"https:\/\/www.facebook.com\/unserekurve\" target=\"_blank\" rel=\"noopener noreferrer\">Facebook<\/a><br \/>\n<a href=\"https:\/\/twitter.com\/unserekurve\" target=\"_blank\" rel=\"noopener noreferrer\">Twitter<\/a><br \/>\n<a href=\"https:\/\/www.instagram.com\/unserekurve\/\" target=\"_blank\" rel=\"noopener noreferrer\">Instagram<\/a><\/p>\n<h2>Haftungs- und Urheberrechtshinweise<\/h2>\n<p><strong>Haftungsausschluss<\/strong><\/p>\n<p>Die Inhalte dieses Onlineangebotes wurden sorgf\u00e4ltig und nach unserem aktuellen Kenntnisstand erstellt, dienen jedoch nur der Information und entfalten keine rechtlich bindende Wirkung, sofern es sich nicht um gesetzlich verpflichtende Informationen (z.B. das Impressum, die Datenschutzerkl\u00e4rung, AGB oder Widerrufsbelehrungen f\u00fcr Verbraucher) handelt. Wir behalten uns vor, die Inhalte vollst\u00e4ndig oder teilweise zu \u00e4ndern oder zu l\u00f6schen, soweit vertragliche Verpflichtungen unber\u00fchrt bleiben. Alle Angebote sind freibleibend und unverbindlich.<\/p>\n<p><strong>Links auf fremde Webseiten<\/strong><\/p>\n<p>Inhalte fremder Webseiten, auf die wir direkt oder indirekt verweisen, liegen au\u00dferhalb unseres Verantwortungsbereiches und machen wir uns nicht zu Eigen. F\u00fcr alle Inhalte und insbesondere f\u00fcr Sch\u00e4den, die aus der Nutzung der in den verlinkten Webseiten aufrufbaren Informationen entstehen, haftet allein der Anbieter der verlinkten Webseiten.<\/p>\n<p><strong>Urheberrechte und Markenrechte<\/strong><\/p>\n<p>Alle auf dieser Website dargestellten Inhalte, wie Texte, Fotografien, Grafiken, Marken und Warenzeichen sind durch die jeweiligen Schutzrechte (Urheberrechte, Markenrechte) gesch\u00fctzt. Die Verwendung, Vervielf\u00e4ltigung usw. unterliegen unseren Rechten oder den Rechten der jeweiligen Urheber bzw. Rechteverwalter.<\/p>\n<p><strong>Hinweise auf Rechtsverst\u00f6\u00dfe<\/strong><\/p>\n<p>Sollten Sie innerhalb unseres Internetauftritts Rechtsverst\u00f6\u00dfe bemerken, bitten wir Sie uns auf diese hinzuweisen. Wir werden rechtswidrige Inhalte und Links nach Kenntnisnahme unverz\u00fcglich entfernen.<\/p>\n<p class=\"seal\"><a title=\"Rechtstext von Dr. Schwenke - f\u00fcr weitere Informationen bitte anklicken.\" href=\"https:\/\/datenschutz-generator.de\/?l=de\" target=\"_blank\" rel=\"noopener noreferrer\">Erstellt mit kostenlosem Datenschutz-Generator.de von Dr. Thomas Schwenke<\/a><\/p>\n[gzd_complaints]\n[gzd_complaints]\n","protected":false},"excerpt":{"rendered":"<p>Diensteanbieter Unsere Kurve e. V. Alfred-Pfaff-Stra\u00dfe 1 60386 Frankfurt am Main Deutschland Kontaktm\u00f6glichkeiten E-Mail-Adresse: info[at]unserekurve.de Vertretungsberechtigte und verantwortlich f\u00fcr den Inhalt Vorstand des Unsere Kurve e. V. Jost Peter (Vorsitzender des Vorstands) Kristina Schr\u00f6der (2. Vorsitzende des Vorstands) Jens Dahlhaus (Kassenwart) Armin Popp (Beisitzer) Registereintrag Registergericht: Amtsgericht Frankfurt am Main Registernummer: VR 16667 Social Media&#8230;<\/p>\n","protected":false},"author":4,"featured_media":1178,"parent":0,"menu_order":18,"comment_status":"closed","ping_status":"closed","template":"","meta":{"_acf_changed":false,"footnotes":""},"class_list":["post-23","page","type-page","status-publish","has-post-thumbnail","hentry"],"acf":[],"yoast_head":"<!-- This site is optimized with the Yoast SEO plugin v27.5 - https:\/\/yoast.com\/product\/yoast-seo-wordpress\/ -->\n<title>Impressum &#8226; Unsere Kurve<\/title>\n<meta name=\"robots\" content=\"index, follow, max-snippet:-1, max-image-preview:large, max-video-preview:-1\" \/>\n<link rel=\"canonical\" href=\"https:\/\/www.unserekurve.de\/blog\/impressum\/\" \/>\n<meta property=\"og:locale\" content=\"de_DE\" \/>\n<meta property=\"og:type\" content=\"article\" \/>\n<meta property=\"og:title\" content=\"Impressum &#8226; Unsere Kurve\" \/>\n<meta property=\"og:description\" content=\"Diensteanbieter Unsere Kurve e. V. Alfred-Pfaff-Stra\u00dfe 1 60386 Frankfurt am Main Deutschland Kontaktm\u00f6glichkeiten E-Mail-Adresse: info[at]unserekurve.de Vertretungsberechtigte und verantwortlich f\u00fcr den Inhalt Vorstand des Unsere Kurve e. V. Jost Peter (Vorsitzender des Vorstands) Kristina Schr\u00f6der (2. Vorsitzende des Vorstands) Jens Dahlhaus (Kassenwart) Armin Popp (Beisitzer) Registereintrag Registergericht: Amtsgericht Frankfurt am Main Registernummer: VR 16667 Social Media...\" \/>\n<meta property=\"og:url\" content=\"https:\/\/www.unserekurve.de\/blog\/impressum\/\" \/>\n<meta property=\"og:site_name\" content=\"Unsere Kurve\" \/>\n<meta property=\"article:modified_time\" content=\"2025-01-06T10:33:32+00:00\" \/>\n<meta property=\"og:image\" content=\"https:\/\/www.unserekurve.de\/blog\/wp-content\/uploads\/UK-Seiten-Headerbild-Impressum.png\" \/>\n\t<meta property=\"og:image:width\" content=\"1200\" \/>\n\t<meta property=\"og:image:height\" content=\"400\" \/>\n\t<meta property=\"og:image:type\" content=\"image\/png\" \/>\n<meta name=\"twitter:label1\" content=\"Gesch\u00e4tzte Lesezeit\" \/>\n\t<meta name=\"twitter:data1\" content=\"2\u00a0Minuten\" \/>\n<script type=\"application\/ld+json\" class=\"yoast-schema-graph\">{\"@context\":\"https:\\\/\\\/schema.org\",\"@graph\":[{\"@type\":\"WebPage\",\"@id\":\"https:\\\/\\\/www.unserekurve.de\\\/blog\\\/impressum\\\/\",\"url\":\"https:\\\/\\\/www.unserekurve.de\\\/blog\\\/impressum\\\/\",\"name\":\"Impressum &#8226; Unsere Kurve\",\"isPartOf\":{\"@id\":\"https:\\\/\\\/www.unserekurve.de\\\/blog\\\/#website\"},\"primaryImageOfPage\":{\"@id\":\"https:\\\/\\\/www.unserekurve.de\\\/blog\\\/impressum\\\/#primaryimage\"},\"image\":{\"@id\":\"https:\\\/\\\/www.unserekurve.de\\\/blog\\\/impressum\\\/#primaryimage\"},\"thumbnailUrl\":\"https:\\\/\\\/www.unserekurve.de\\\/blog\\\/wp-content\\\/uploads\\\/UK-Seiten-Headerbild-Impressum.png\",\"datePublished\":\"2014-02-28T22:34:06+00:00\",\"dateModified\":\"2025-01-06T10:33:32+00:00\",\"breadcrumb\":{\"@id\":\"https:\\\/\\\/www.unserekurve.de\\\/blog\\\/impressum\\\/#breadcrumb\"},\"inLanguage\":\"de\",\"potentialAction\":[{\"@type\":\"ReadAction\",\"target\":[\"https:\\\/\\\/www.unserekurve.de\\\/blog\\\/impressum\\\/\"]}]},{\"@type\":\"ImageObject\",\"inLanguage\":\"de\",\"@id\":\"https:\\\/\\\/www.unserekurve.de\\\/blog\\\/impressum\\\/#primaryimage\",\"url\":\"https:\\\/\\\/www.unserekurve.de\\\/blog\\\/wp-content\\\/uploads\\\/UK-Seiten-Headerbild-Impressum.png\",\"contentUrl\":\"https:\\\/\\\/www.unserekurve.de\\\/blog\\\/wp-content\\\/uploads\\\/UK-Seiten-Headerbild-Impressum.png\",\"width\":1200,\"height\":400},{\"@type\":\"BreadcrumbList\",\"@id\":\"https:\\\/\\\/www.unserekurve.de\\\/blog\\\/impressum\\\/#breadcrumb\",\"itemListElement\":[{\"@type\":\"ListItem\",\"position\":1,\"name\":\"Startseite\",\"item\":\"https:\\\/\\\/www.unserekurve.de\\\/blog\\\/\"},{\"@type\":\"ListItem\",\"position\":2,\"name\":\"Impressum\"}]},{\"@type\":\"WebSite\",\"@id\":\"https:\\\/\\\/www.unserekurve.de\\\/blog\\\/#website\",\"url\":\"https:\\\/\\\/www.unserekurve.de\\\/blog\\\/\",\"name\":\"Unsere Kurve\",\"description\":\"\",\"potentialAction\":[{\"@type\":\"SearchAction\",\"target\":{\"@type\":\"EntryPoint\",\"urlTemplate\":\"https:\\\/\\\/www.unserekurve.de\\\/blog\\\/?s={search_term_string}\"},\"query-input\":{\"@type\":\"PropertyValueSpecification\",\"valueRequired\":true,\"valueName\":\"search_term_string\"}}],\"inLanguage\":\"de\"}]}<\/script>\n<!-- \/ Yoast SEO plugin. -->","yoast_head_json":{"title":"Impressum &#8226; Unsere Kurve","robots":{"index":"index","follow":"follow","max-snippet":"max-snippet:-1","max-image-preview":"max-image-preview:large","max-video-preview":"max-video-preview:-1"},"canonical":"https:\/\/www.unserekurve.de\/blog\/impressum\/","og_locale":"de_DE","og_type":"article","og_title":"Impressum &#8226; Unsere Kurve","og_description":"Diensteanbieter Unsere Kurve e. V. Alfred-Pfaff-Stra\u00dfe 1 60386 Frankfurt am Main Deutschland Kontaktm\u00f6glichkeiten E-Mail-Adresse: info[at]unserekurve.de Vertretungsberechtigte und verantwortlich f\u00fcr den Inhalt Vorstand des Unsere Kurve e. V. Jost Peter (Vorsitzender des Vorstands) Kristina Schr\u00f6der (2. Vorsitzende des Vorstands) Jens Dahlhaus (Kassenwart) Armin Popp (Beisitzer) Registereintrag Registergericht: Amtsgericht Frankfurt am Main Registernummer: VR 16667 Social Media...","og_url":"https:\/\/www.unserekurve.de\/blog\/impressum\/","og_site_name":"Unsere Kurve","article_modified_time":"2025-01-06T10:33:32+00:00","og_image":[{"width":1200,"height":400,"url":"https:\/\/www.unserekurve.de\/blog\/wp-content\/uploads\/UK-Seiten-Headerbild-Impressum.png","type":"image\/png"}],"twitter_misc":{"Gesch\u00e4tzte Lesezeit":"2\u00a0Minuten"},"schema":{"@context":"https:\/\/schema.org","@graph":[{"@type":"WebPage","@id":"https:\/\/www.unserekurve.de\/blog\/impressum\/","url":"https:\/\/www.unserekurve.de\/blog\/impressum\/","name":"Impressum &#8226; Unsere Kurve","isPartOf":{"@id":"https:\/\/www.unserekurve.de\/blog\/#website"},"primaryImageOfPage":{"@id":"https:\/\/www.unserekurve.de\/blog\/impressum\/#primaryimage"},"image":{"@id":"https:\/\/www.unserekurve.de\/blog\/impressum\/#primaryimage"},"thumbnailUrl":"https:\/\/www.unserekurve.de\/blog\/wp-content\/uploads\/UK-Seiten-Headerbild-Impressum.png","datePublished":"2014-02-28T22:34:06+00:00","dateModified":"2025-01-06T10:33:32+00:00","breadcrumb":{"@id":"https:\/\/www.unserekurve.de\/blog\/impressum\/#breadcrumb"},"inLanguage":"de","potentialAction":[{"@type":"ReadAction","target":["https:\/\/www.unserekurve.de\/blog\/impressum\/"]}]},{"@type":"ImageObject","inLanguage":"de","@id":"https:\/\/www.unserekurve.de\/blog\/impressum\/#primaryimage","url":"https:\/\/www.unserekurve.de\/blog\/wp-content\/uploads\/UK-Seiten-Headerbild-Impressum.png","contentUrl":"https:\/\/www.unserekurve.de\/blog\/wp-content\/uploads\/UK-Seiten-Headerbild-Impressum.png","width":1200,"height":400},{"@type":"BreadcrumbList","@id":"https:\/\/www.unserekurve.de\/blog\/impressum\/#breadcrumb","itemListElement":[{"@type":"ListItem","position":1,"name":"Startseite","item":"https:\/\/www.unserekurve.de\/blog\/"},{"@type":"ListItem","position":2,"name":"Impressum"}]},{"@type":"WebSite","@id":"https:\/\/www.unserekurve.de\/blog\/#website","url":"https:\/\/www.unserekurve.de\/blog\/","name":"Unsere Kurve","description":"","potentialAction":[{"@type":"SearchAction","target":{"@type":"EntryPoint","urlTemplate":"https:\/\/www.unserekurve.de\/blog\/?s={search_term_string}"},"query-input":{"@type":"PropertyValueSpecification","valueRequired":true,"valueName":"search_term_string"}}],"inLanguage":"de"}]}},"jetpack_sharing_enabled":true,"_links":{"self":[{"href":"https:\/\/www.unserekurve.de\/blog\/wp-json\/wp\/v2\/pages\/23","targetHints":{"allow":["GET"]}}],"collection":[{"href":"https:\/\/www.unserekurve.de\/blog\/wp-json\/wp\/v2\/pages"}],"about":[{"href":"https:\/\/www.unserekurve.de\/blog\/wp-json\/wp\/v2\/types\/page"}],"author":[{"embeddable":true,"href":"https:\/\/www.unserekurve.de\/blog\/wp-json\/wp\/v2\/users\/4"}],"replies":[{"embeddable":true,"href":"https:\/\/www.unserekurve.de\/blog\/wp-json\/wp\/v2\/comments?post=23"}],"version-history":[{"count":20,"href":"https:\/\/www.unserekurve.de\/blog\/wp-json\/wp\/v2\/pages\/23\/revisions"}],"predecessor-version":[{"id":2156,"href":"https:\/\/www.unserekurve.de\/blog\/wp-json\/wp\/v2\/pages\/23\/revisions\/2156"}],"wp:featuredmedia":[{"embeddable":true,"href":"https:\/\/www.unserekurve.de\/blog\/wp-json\/wp\/v2\/media\/1178"}],"wp:attachment":[{"href":"https:\/\/www.unserekurve.de\/blog\/wp-json\/wp\/v2\/media?parent=23"}],"curies":[{"name":"wp","href":"https:\/\/api.w.org\/{rel}","templated":true}]}}